ainder when 1369 is divided by 454.
7
Calculate the remainder when 865 is divided by 150.
115
What is the remainder when 56 is divided by 21?
14
What is the remainder when 617 is divided by 161?
134
Calculate the remainder when 615 is divided by 561.
54
Calculate the remainder when 23055 is divided by 122.
119
Calculate the remainder when 2059 is divided by 202.
39
Calculate the remainder when 116 is divided by 5.
1
Calculate the remainder when 11849 is divided by 237.
236
Calculate the remainder when 116 is divided by 49.
18
What is the remainder when 1256 is divided by 180?
176
Calculate the remainder when 494 is divided by 209.
76
What is the remainder when 4411 is divided by 489?
10
What is the remainder when 7324 is divided by 11?
9
What is the remainder when 731 is divided by 16?
11
Calculate the remainder when 1819 is divided by 905.
9
What is the remainder when 211 is divided by 78?
55
What is the remainder when 2118 is divided by 133?
123
What is the remainder when 126 is divided by 51?
24
What is the remainder when 2351 is divided by 1174?
3
Calculate the remainder when 1384 is divided by 455.
19
Calculate the remainder when 291 is divided by 23.
15
What is the remainder when 72 is divided by 41?
31
What is the remainder when 1188 is divided by 85?
83
Calculate the remainder when 44 is divided by 9.
8
Calculate the remainder when 45 is divided by 40.
5
Calculate the remainder when 175 is divided by 16.
15
Calculate the remainder when 4459 is divided by 20.
19
What is the remainder when 11 is divided by 9?
2
Calculate the remainder when 17132 is divided by 48.
44
Calculate the remainder when 234 is divided by 215.
19
What is the remainder when 3117 is divided by 60?
57
What is the remainder when 9 is divided by 6?
3
What is the remainder when 76 is divided by 10?
6
Calculate the remainder when 372 is divided by 129.
114
Calculate the remainder when 20159 is divided by 48.
47
What is the remainder when 3912 is divided by 38?
36
What is the remainder when 3662 is divided by 37?
36
What is the remainder when 3421 is divided by 189?
19
Calculate the remainder when 697 is divided by 22.
15
What is the remainder when 486 is divided by 19?
11
What is the remainder when 8840 is divided by 2945?
5
Calculate the remainder when 2118 is divided by 101.
98
Calculate the remainder when 2337 is divided by 1166.
5
Calculate the remainder when 1869 is divided by 697.
475
Calculate the remainder when 12 is divided by 3.
0
What is the remainder when 2143 is divided by 2129?
14
Calculate the remainder when 518 is divided by 75.
68
What is the remainder when 206 is divided by 9?
8
What is the remainder when 307 is divided by 70?
27
What is the remainder when 318 is divided by 16?
14
What is the remainder when 703 is divided by 18?
1
What is the remainder when 3838 is divided by 60?
58
Calculate the remainder when 202 is divided by 27.
13
What is the remainder when 448 is divided by 105?
28
Calculate the remainder when 225 is divided by 3.
0
Calculate the remainder when 1525 is divided by 32.
21
What is the remainder when 147 is divided by 89?
58
Calculate the remainder when 2028 is divided by 150.
78
Calculate the remainder when 8186 is divided by 4084.
18
What is the remainder when 9745 is divided by 19?
17
Calculate the remainder when 351 is divided by 52.
39
What is the remainder when 205 is divided by 41?
0
What is the remainder when 69 is divided by 6?
3
What is the remainder when 4176 is divided by 34?
28
Calculate the remainder when 59 is divided by 11.
4
What is the remainder when 345 is divided by 36?
21
What is the remainder when 108 is divided by 102?
6
What is the remainder when 121 is divided by 69?
52
Calculate the remainder when 27639 is divided by 20.
19
Calculate the remainder when 1339 is divided by 261.
34
Calculate the remainder when 591 is divided by 24.
15
What is the remainder when 27 is divided by 2?
1
Calculate the remainder when 12 is divided by 11.
1
What is the remainder when 541 is divided by 133?
9
What is the remainder when 186 is divided by 177?
9
What is the remainder when 26915 is divided by 27?
23
Calculate the remainder when 1565 is divided by 28.
25
Calculate the remainder when 2255 is divided by 16.
15
What is the remainder when 459 is divided by 58?
53
Calculate the remainder when 435 is divided by 83.
20
Calculate the remainder when 1087 is divided by 17.
16
What is the remainder when 290 is divided by 21?
17
What is the remainder when 5325 is divided by 9?
6
Calculate the remainder when 1106 is divided by 21.
14
Calculate the remainder when 530 is divided by 521.
9
Calculate the remainder when 3155 is divided by 8.
3
What is the remainder when 60 is divided by 17?
9
What is the remainder when 755 is divided by 379?
376
Calculate the remainder when 4017 is divided by 82.
81
Calculate the remainder when 527 is divided by 66.
65
What is the remainder when 359 is divided by 20?
19
What is the remainder when 3389 is divided by 136?
125
What is the remainder when 3690 is divided by 48?
42
What is the remainder when 317 is divided by 52?
5
Calculate the remainder when 254 is divided by 51.
50
What is the remainder when 165 is divided by 11?
0
What is the remainder when 1343 is divided by 106?
71
Calculate the remainder when 572 is divided by 83.
74
What is the remainder when 88 is divided by 30?
28
What is the remainder when 9802 is divided by 17?
10
What is the remainder when 598 is divided by 7?
3
Calculate the remainder when 454 is divided by 65.
64
Calculate the remainder when 1228 is divided by 203.
10
Calculate the remainder when 253 is divided by 32.
29
What is the remainder when 524 is divided by 101?
19
Calculate the remainder when 1944 is divided by 22.
8
What is the remainder when 690 is divided by 24?
18
Calculate the remainder when 5506 is divided by 18.
16
What is the remainder when 76 is divided by 43?
33
What is the remainder when 611 is divided by 59?
21
What is the remainder when 2092 is divided by 264?
244
Calculate the remainder when 500 is divided by 100.
0
What is the remainder when 226 is divided by 224?
2
Calculate the remainder when 49 is divided by 32.
17
Calculate the remainder when 340 is divided by 40.
20
What is the remainder when 476 is divided by 27?
17
What is the remainder when 979 is divided by 98?
97
Calculate the remainder when 297 is divided by 25.
22
Calculate the remainder when 703 is divided by 19.
0
Calculate the remainder when 2578 is divided by 5.
3
What is the remainder when 122 is divided by 62?
60
What is the remainder when 49 is divided by 31?
18
Calculate the remainder when 537 is divided by 102.
27
What is the remainder when 448 is divided by 41?
38
Calculate the remainder when 74 is divided by 29.
16
Calculate the remainder when 1412 is divided by 11.
4
Calculate the remainder when 102 is divided by 58.
44
Calculate the remainder when 793 is divided by 383.
27
What is the remainder when 798 is divided by 88?
6
Calculate the remainder when 413 is divided by 72.
53
Calculate the remainder when 2516 is divided by 255.
221
Calculate the remainder when 5900 is divided by 13.
11
What is the remainder when 73 is divided by 16?
9
What is the remainder when 1152 is divided by 14?
4
Calculate the remainder when 1042 is divided by 116.
114
Calculate the remainder when 30073 is divided by 73.
70
Calculate the remainder when 1127 is divided by 60.
47
Calculate the remainder when 711 is divided by 6.
3
What is the remainder when 387 is divided by 207?
180
Calculate the remainder when 4969 is divided by 35.
34
Calculate the remainder when 481 is divided by 69.
67
Calculate the remainder when 22 is divided by 5.
2
Calculate the remainder when 103 is divided by 38.
27
What is the remainder when 156 is divided by 9?
3
Calculate the remainder when 396 is divided by 91.
32
What is the remainder when 223 is divided by 106?
11
Calculate the remainder when 768 is divided by 14.
12
What is the remainder when 1470 is divided by 343?
98
Calculate the remainder when 1240 is divided by 96.
88
What is the remainder when 37 is divided by 18?
1
Calculate the remainder when 11862 is divided by 105.
102
Calculate the remainder when 164 is divided by 17.
11
What is the remainder when 925 is divided b